 composite number?
True
Is 9505 composite?
True
Is 60397 a composite number?
False
Is 12437 prime?
True
Is 154871 a composite number?
False
Is 132947 a composite number?
False
Is 5045 a prime number?
False
Is 27802 composite?
True
Is 288319 composite?
True
Is 88982 composite?
True
Is 7669 prime?
True
Is 18397 composite?
False
Is 4267 composite?
True
Is 3367517 a composite number?
False
Is 10786 a composite number?
True
Is 27923 composite?
True
Is 2522053 prime?
True
Is 70937 prime?
True
Is 677821 composite?
True
Is 325729 composite?
False
Is 94709 a prime number?
True
Is 77893 prime?
True
Is 7067 a composite number?
True
Is 1242859 composite?
False
Is 16041 a prime number?
False
Is 429007 a composite number?
False
Is 43081 prime?
False
Is 182017 a prime number?
False
Is 3793 prime?
True
Is 103757 a prime number?
False
Is 7086779 composite?
True
Is 14695 prime?
False
Is 50455 composite?
True
Is 8189 a prime number?
False
Is 8147 a prime number?
True
Is 42157 composite?
False
Is 7439 a prime number?
False
Is 186567 prime?
False
Is 1605746 a composite number?
True
Is 56698 a composite number?
True
Is 37087 prime?
True
Is 10313 prime?
True
Is 5791 composite?
False
Is 94531 a composite number?
False
Is 943 prime?
False
Is 217 a composite number?
True
Is 3299 a composite number?
False
Is 505277 composite?
False
Is 101917 prime?
True
Is 39099 a composite number?
True
Is 1756555 composite?
True
Is 7934 a composite number?
True
Is 492281 composite?
False
Is 117799 prime?
False
Is 2298577 a prime number?
True
Is 339895 composite?
True
Is 5471 a prime number?
True
Is 35797 composite?
False
Is 9755 composite?
True
Is 130729 a prime number?
True
Is 1216337 a composite number?
False
Is 748589 a prime number?
True
Is 58447 prime?
False
Is 14814971 prime?
True
Is 42673 prime?
False
Is 1931 composite?
False
Is 174661 composite?
True
Is 818705 a prime number?
False
Is 16787 a composite number?
False
Is 4283 a composite number?
False
Is 37 a prime number?
True
Is 2106617 a composite number?
False
Is 6595 composite?
True
Is 9377 a composite number?
False
Is 859189 composite?
False
Is 2932091 prime?
True
Is 10091 a prime number?
True
Is 347469 prime?
False
Is 666721 composite?
True
Is 803087 a prime number?
True
Is 67701 prime?
False
Is 303317 a composite number?
True
Is 476317 prime?
True
Is 197587 composite?
True
Is 288973 a composite number?
False
Is 26759 prime?
True
Is 561829 composite?
False
Is 39019 a composite number?
False
Is 148891 a composite number?
False
Is 10213427 a composite number?
True
Is 32677 prime?
False
Is 7393 prime?
True
Is 2723 a composite number?
True
Is 63419 prime?
True
Is 6521 composite?
False
Is 1277 a prime number?
True
Is 14797 a composite number?
False
Is 25523 composite?
False
Is 10033 composite?
True
Is 4282 a prime number?
False
Is 1783909 prime?
False
Is 2501647 composite?
False
Is 5737 composite?
False
Is 106549 a composite number?
True
Is 173137 a prime number?
True
Is 45233 a composite number?
False
Is 6299 composite?
False
Is 1241107 composite?
True
Is 327247 composite?
False
Is 284537 a prime number?
False
Is 2674745 prime?
False
Is 265 a prime number?
False
Is 5129 composite?
True
Is 94429 a composite number?
True
Is 52147 composite?
False
Is 324343 prime?
False
Is 33817 a composite number?
True
Is 4443 composite?
True
Is 23999 composite?
True
Is 5623 composite?
False
Is 54371 prime?
True
Is 73007 prime?
False
Is 56081 prime?
True
Is 259957 prime?
False
Is 8353 composite?
False
Is 32069 composite?
False
Is 4391 a prime number?
True
Is 9901 a prime number?
True
Is 597514 composite?
True
Is 3259 composite?
False
Is 10643 a prime number?
False
Is 37189 prime?
True
Is 1403 prime?
False
Is 144559 a composite number?
True
Is 1117059 prime?
False
Is 261923 prime?
False
Is 46105 a composite number?
True
Is 673 composite?
False
Is 2153 a prime number?
True
Is 37543 composite?
True
Is 20073 prime?
False
Is 9103 prime?
True
Is 42551 a prime number?
False
Is 295 a prime number?
False
Is 18586 a composite number?
True
Is 12371 a composite number?
True
Is 10673 a composite number?
True
Is 11959 a composite number?
False
Is 8147 a prime number?
True
Is 171233 a prime number?
True
Is 1471 composite?
False
Is 68993 a composite number?
False
Is 64671 prime?
False
Is 6467 composite?
True
Is 210953 a prime number?
False
Is 2209 prime?
False
Is 29487 prime?
False
Is 105019 a composite number?
False
Is 45233 a prime number?
True
Is 176493 prime?
False
Is 147191 prime?
False
Is 60887 composite?
False
Is 480683 prime?
False
Is 291971 a composite number?
False
Is 341771 prime?
True
Is 13987 a prime number?
False
Is 118339 a prime number?
False
Is 752551 prime?
False
Is 78613 a composite number?
True
Is 39929 composite?
False
Is 424123 a prime number?
False
Is 124585 a composite number?
True
Is 99289 a composite number?
False
Is 85691 composite?
False
Is 34517 composite?
True
Is 201103 a composite number?
True
Is 208367 composite?
False
Is 923 prime?
False
Is 233997 a prime number?
False
Is 22247 a composite number?
False
Is 18314 composite?
True
Is 164329 a prime number?
False
Is 997 a prime number?
True
Is 158603 prime?
False
Is 215797 a prime number?
True
Is 11507 prime?
False
Is 594557 prime?
False
Is 9307 composite?
True
Is 17774 a prime number?
False
Is 56941 composite?
False
Is 2145547 a prime number?
True
Is 248657 composite?
False
Is 14591 prime?
True
Is 69038 prime?
False
Is 94123 a composite number?
True
Is 481 composite?
True
Is 3979 composite?
True
Is 10351 prime?
False
Is 8929 a composite number?
False
Is 19563 a composite number?
True
Is 3049 a composite number?
False
Is 41719 composite?
False
Is 136811 a composite number?
False
Is 2331869 prime?
True
Is 27505 a composite number?
True
Is 5601 a composite number?
True
Is 1457 prime?
False
Is 8749 composite?
True
Is 6121 a composite number?
False
Is 15389 a composite number?
True
Is 99487 a prime number?
True
Is 2173733 composite?
True
Is 223129 a composite number?
False
Is 5021 composite?
False
Is 13223 composite?
True
Is 568411 prime?
False
Is 58873 composite?
True
Is 310223 composite?
False
Is 6537 prime?
False
Is 4791 a prime number?
False
Is 155797 composite?
False
Is 103049 composite?
False
Is 1205027 prime?
True
Is 22381 a prime number?
True
Is 40603 composite?
True
Is 62039 a prime number?
True
Is 15757 a composite number?
True
Is 87217 composite?
True
Is 485497 a composite number?
False
Is 166039 prime?
False
Is 45449 prime?
False
Is 1481 composite?
False
Is 129263 composite?
False
Is 2417 composite?
False
Is 426971 a prime number?
True
Is 2542391 composite?
False
Is 332987 prime?
True
Is 10646 prime?
False
Is 212698 a prime number?
False
Is 623711 prime?
False
Is 7717 composite?
False
Is 4033 prime?
False
Is 73159 composite?
True
Is 585131 a composite number?
False
Is 99961 a prime number?
True
Is 125527 prime?
True
Is 329341 a composite number?
True
Is 23117 a prime number?
True
Is 961121 a prime number?
False
Is 13799 a prime number?
True
Is 44413 composite?
True
Is 13553 prime?
True
Is 29567 a prime number?
True
Is 898 a prime number?
False
Is 469 composite?
True
Is 3407 composite?
False
Is 3511 composite?
False
Is 606173 a composite number?
False
Is 5467973 composite?
True
Is 3299 composite?
False
Is 20689 prime?
False
Is 23179 a prime number?
False
Is 39521 a composite number?
False
Is 38143 a prime number?
False
Is 1649 prime?
False
Is 1865909 a composite number?
True
Is 89209 a prime number?
True
Is 4591 composite?
False
Is 2435 prime?
False
Is 256531 a prime number?
False
Is 87146 composite?
True
Is 83339 prime?
True
Is 39659 composite?
False
Is 27787 composite?
True
Is 16327 prime?
False
Is 865 prime?
False
Is 385261 prime?
True
Is 31919 prime?
False
Is 287627 a composite number?
True
Is 479701 a composite number?
False
Is 16255 a composite number?
True
Is 1981019 composite?
True
Is 5519 prime?
True
Is 55133 composite?
True
Is 153509 composite?
False
Is 1068287 composite?
True
Is 6167 a prime number?
False
Is 3683 composite?
True
Is 7349 a composite number?
False
Is 12637 composite?
False
Is 28687 a composite number?
False
Is 83019 prime?
False
Is 67447 composite?
False
Is 2359 a prime number?
False
Is 37 composite?
False
Is 835 a prime number?
False
Is 255839 